on factor of 10 and 2195?
5
Calculate the highest common factor of 2652 and 72.
12
What is the greatest common divisor of 1750 and 28?
14
Calculate the greatest common factor of 341 and 33.
11
What is the highest common factor of 29 and 2581?
29
What is the greatest common factor of 8109 and 9?
9
Calculate the greatest common divisor of 5 and 145.
5
What is the greatest common divisor of 7 and 413?
7
Calculate the highest common divisor of 2040 and 476.
68
What is the greatest common factor of 140 and 1295?
35
What is the greatest common factor of 4863 and 3?
3
Calculate the highest common factor of 2975 and 175.
175
Calculate the highest common divisor of 506 and 22.
22
Calculate the highest common factor of 768 and 114.
6
What is the highest common factor of 1265 and 220?
55
Calculate the highest common factor of 176 and 3454.
22
What is the greatest common divisor of 42 and 63?
21
What is the highest common factor of 3 and 390?
3
Calculate the highest common divisor of 1075 and 25.
25
What is the greatest common factor of 14 and 77?
7
Calculate the greatest common divisor of 5915 and 70.
35
What is the greatest common divisor of 1400 and 2200?
200
Calculate the highest common divisor of 21 and 3780.
21
What is the greatest common factor of 19386 and 108?
54
What is the highest common factor of 37 and 962?
37
What is the greatest common divisor of 2941 and 17?
17
Calculate the highest common divisor of 285 and 228.
57
What is the highest common divisor of 258 and 430?
86
Calculate the greatest common divisor of 737 and 201.
67
What is the highest common factor of 110 and 610?
10
What is the greatest common factor of 209 and 44?
11
What is the highest common factor of 2869 and 38?
19
Calculate the greatest common divisor of 1827 and 58.
29
Calculate the greatest common divisor of 266 and 2.
2
What is the highest common factor of 9691 and 11?
11
Calculate the highest common divisor of 6 and 1578.
6
What is the highest common factor of 180 and 3465?
45
What is the highest common factor of 616 and 14?
14
Calculate the highest common divisor of 22 and 913.
11
Calculate the greatest common factor of 44 and 121.
11
What is the highest common factor of 7 and 301?
7
What is the highest common divisor of 204 and 1896?
12
Calculate the greatest common divisor of 250 and 3375.
125
Calculate the highest common factor of 165 and 45.
15
Calculate the highest common divisor of 459 and 135.
27
What is the greatest common factor of 15 and 15?
15
What is the highest common divisor of 6 and 1866?
6
Calculate the greatest common factor of 1197 and 63.
63
Calculate the highest common divisor of 2772 and 22.
22
Calculate the highest common divisor of 364 and 28.
28
What is the highest common divisor of 432 and 64?
16
What is the highest common divisor of 39 and 3081?
39
Calculate the greatest common divisor of 56 and 3850.
14
What is the highest common factor of 66 and 198?
66
What is the greatest common factor of 15 and 147?
3
Calculate the greatest common divisor of 188 and 140.
4
Calculate the greatest common factor of 117 and 559.
13
What is the highest common factor of 7 and 67823?
7
What is the greatest common divisor of 56 and 2996?
28
Calculate the greatest common divisor of 913 and 166.
83
What is the highest common factor of 216 and 9?
9
Calculate the greatest common divisor of 18 and 22.
2
Calculate the highest common divisor of 11 and 1199.
11
What is the greatest common divisor of 2 and 7498?
2
Calculate the greatest common divisor of 42 and 96.
6
Calculate the greatest common divisor of 26 and 52.
26
Calculate the highest common factor of 464 and 261.
29
Calculate the greatest common divisor of 161 and 14.
7
What is the highest common divisor of 66 and 267?
3
Calculate the highest common divisor of 8 and 2.
2
What is the highest common divisor of 1391 and 5671?
107
Calculate the highest common factor of 30 and 48.
6
What is the greatest common factor of 135 and 120?
15
Calculate the greatest common factor of 43 and 344.
43
Calculate the highest common divisor of 204 and 636.
12
What is the highest common factor of 177 and 72924?
177
Calculate the highest common factor of 460 and 90.
10
What is the greatest common divisor of 18863 and 13?
13
Calculate the highest common divisor of 128 and 2.
2
Calculate the greatest common factor of 84 and 273.
21
What is the highest common factor of 156 and 91?
13
Calculate the greatest common divisor of 215 and 4171.
43
What is the greatest common divisor of 217 and 6634?
31
Calculate the highest common divisor of 1128 and 329.
47
What is the greatest common divisor of 126 and 5250?
42
What is the highest common factor of 39 and 11947?
13
What is the highest common factor of 41458 and 38?
38
What is the highest common divisor of 1630 and 20?
10
Calculate the highest common divisor of 17 and 969.
17
What is the greatest common factor of 1430 and 40?
10
Calculate the greatest common factor of 117 and 1391.
13
What is the highest common divisor of 162 and 243?
81
What is the greatest common factor of 10 and 34?
2
What is the greatest common factor of 68 and 44812?
68
Calculate the highest common divisor of 13 and 1313.
13
What is the greatest common divisor of 504 and 8442?
126
What is the highest common divisor of 1300 and 100?
100
What is the highest common factor of 8 and 152?
8
Calculate the greatest common divisor of 8 and 10536.
8
What is the greatest common factor of 69 and 6?
3
What is the highest common factor of 78 and 30?
6
Calculate the greatest common divisor of 176 and 2352.
16
Calculate the greatest common divisor of 99 and 33.
33
Calculate the greatest common divisor of 536 and 4355.
67
What is the greatest common divisor of 15 and 22965?
15
What is the greatest common divisor of 240 and 405?
15
Calculate the greatest common divisor of 166 and 415.
83
What is the highest common divisor of 16 and 4096?
16
What is the highest common divisor of 1250 and 10?
10
Calculate the highest common factor of 215 and 15.
5
What is the greatest common divisor of 53 and 424?
53
Calculate the greatest common divisor of 39 and 1391.
13
What is the greatest common divisor of 4 and 34?
2
What is the greatest common factor of 188 and 1269?
47
Calculate the greatest common factor of 40 and 70.
10
Calculate the highest common factor of 5400 and 25.
25
Calculate the greatest common factor of 1356 and 60.
12
What is the greatest common factor of 93 and 4433?
31
Calculate the greatest common factor of 2945 and 155.
155
Calculate the highest common factor of 4815 and 36.
9
What is the greatest common factor of 248 and 1178?
62
What is the highest common factor of 203 and 319?
29
Calculate the greatest common divisor of 114856 and 392.
392
Calculate the highest common divisor of 43 and 387.
43
What is the highest common divisor of 411 and 21?
3
Calculate the highest common factor of 252 and 434.
14
Calculate the highest common factor of 18 and 207.
9
What is the greatest common factor of 1146 and 12?
6
What is the greatest common divisor of 1635 and 105?
15
What is the highest common factor of 19893 and 57?
57
Calculate the highest common factor of 1938 and 15.
3
What is the greatest common factor of 128 and 4?
4
Calculate the highest common factor of 459 and 1224.
153
What is the greatest common factor of 250 and 950?
50
Calculate the greatest common factor of 2812 and 152.
76
Calculate the greatest common factor of 24570 and 810.
270
Calculate the greatest common divisor of 15940 and 20.
20
What is the greatest common factor of 93 and 713?
31
What is the greatest common divisor of 97 and 75466?
97
Calculate the greatest common divisor of 126 and 4788.
126
What is the greatest common divisor of 128 and 736?
32
Calculate the greatest common divisor of 1128 and 24.
24
What is the highest common factor of 552 and 24?
24
Calculate the greatest common factor of 2603 and 1781.
137
What is the greatest common divisor of 60 and 255?
15
What is the highest common divisor of 3901 and 47?
47
Calculate the greatest common factor of 141 and 9541.
47
What is the highest common divisor of 154 and 1870?
22
Calculate the highest common factor of 1560 and 78.
78
Calculate the greatest common factor of 1940 and 3007.
97
What is the greatest co